t t = 20 + -10. Let a be (-1)/(148/(-36) - -4) - -1. What is the highest common factor of t and a?
10
Suppose -3*y - 63 = 18. Let j = -18 - y. Calculate the greatest common divisor of j and 81.
9
Let o(n) = 7*n - 182. Let z(p) = -27*p + 728. Let r(s) = 22*o(s) + 6*z(s). Let d be r(0). Calculate the greatest common factor of 52 and d.
52
Let h(x) = 4*x**2 - 10*x - 118. Let r be h(-9). What is the highest common factor of r and 37?
37
Let n = 26 - 46. Let y = n + 44. What is the greatest common factor of 24 and y?
24
Let x be (6/(-12))/(3/24). Let u be (1/2)/(x/(-448)). What is the greatest common factor of u and 8?
8
Let m(b) = 27*b**2 - 6*b + 58. Let a be m(-5). What is the greatest common divisor of a and 327?
109
Suppose 0 = m - 43 + 34. Let s be 3*(3/m + 0). What is the greatest common factor of 2 and s?
1
Let g = -61 + 100. Let y(w) = 2*w**2 - 16*w - 15. Let b be y(9). Suppose b*f = 150 + g. What is the greatest common factor of f and 21?
21
Let g be ((-4)/10)/(16/640). Let j = -13 - g. Let b(u) = 8*u**2 + 3*u - 1. Let s be b(j). What is the highest common divisor of 20 and s?
20
Let k(s) = 29*s**2 - 368*s + 15. Let r be k(15). Calculate the greatest common factor of 180 and r.
60
Suppose 5*g - 378 = 3*g. Let l = g + -134. Suppose 4*b + r - l = 0, -b - 2*r + 21 - 9 = 0. What is the highest common divisor of b and 112?
14
Let d = -36 - -49. Calculate the greatest common divisor of d and 208.
13
Let o(j) = 5*j**2 - 38*j + 141. Let c be o(17). What is the greatest common factor of c and 40?
20
Let v be (-16)/(-20)*(-5)/(-2). Suppose v*u + 2*g = 0, -5*g - 6 = 3*u - 2. Suppose -19 - 3 = -u*p. What is the greatest common divisor of 99 and p?
11
Let f be (-49 - -39) + (-1363)/(-1). Calculate the greatest common factor of 33 and f.
33
Let y(o) = 13*o - 289. Let b be y(25). Calculate the highest common factor of 76 and b.
4
Let n(k) = -9*k**2 + 6*k - 7. Let i(s) = -19*s**2 + 13*s - 15. Let u(h) = 4*i(h) - 9*n(h). Let x be u(4). What is the highest common divisor of x and 15?
15
Let a be (-2)/(427/(-70) - -6). What is the highest common factor of a and 28?
4
Let m be ((-165)/(-6))/(3 + 5/(-2)). Suppose 50*t = 45*t + m. Calculate the highest common factor of t and 44.
11
Let k(d) = -d**3 + 22*d**2 - 37*d + 28. Let v be k(20). Let x = 1 - -7. What is the greatest common divisor of x and v?
8
Let x = -77 - -94. What is the greatest common factor of x and 867?
17
Let a be 4/(-12)*(-9)/(-6)*2. Let y = 3 + a. Calculate the highest common divisor of y and 3.
1
Let p(n) = n**3 + 3*n**2 + 5*n - 12. Let v be p(2). What is the highest common divisor of v and 27?
9
Suppose 376 = -4*p - 0*p. Let n = p - -230. Calculate the highest common divisor of 34 and n.
34
Let o be (-1*(-3 - -1))/(1/15). Suppose -m - 3*p = -o, -2*m - 4*p = -7*p - 42. What is the highest common factor of m and 12?
12
Let v be (1 + 3 + 10)/(-2). Let c(r) = -2*r**2 - 8*r. Let z be c(v). Let d be 2/6 - 616/z. What is the highest common factor of d and 60?
15
Let w = 92 - 81. Let i(j) = -j**3 + 7*j**2 + j - 9. Let b be i(6). What is the highest common factor of b and w?
11
Let z be 83 - (1 - 0)*-1. Let u(m) = -93*m - 502. Let p be u(-6). What is the greatest common divisor of p and z?
28
Let n = -176 + 266. Suppose 5*x + c = 671, -x - 2*c + 127 = -0*x. Calculate the greatest common factor of n and x.
45
Suppose -31 = 7*v - 507. Suppose -v*u + 30 = -63*u. What is the highest common factor of 54 and u?
6
Suppose -34*b + 1026 = -16*b. Calculate the greatest common divisor of b and 684.
57
Suppose 0 = 9*f - 11*f - 138. Let l be (-6)/10 - f/15. What is the greatest common factor of 4 and l?
4
Suppose 5*d + 2*c - 50 = -18, -24 = -d + 4*c. What is the greatest common factor of 164 and d?
4
Suppose 0*u + u - 25 = 2*n, -5*u = n - 70. What is the greatest common factor of u and 70?
5
Let l = 76 + -49. What is the highest common divisor of l and 9?
9
Let f(r) = r**3 - 21*r**2 - 12*r - 8. Let v(q) = -q**2 + q. Let a(p) = -f(p) + 6*v(p). Let g be a(16). What is the highest common factor of 400 and g?
40
Let z = 1242 - 852. Calculate the greatest common factor of 5 and z.
5
Let j = -734 - -1406. Calculate the highest common divisor of 252 and j.
84
Let s = -23 + -20. Let w = s - -51. Calculate the highest common divisor of w and 40.
8
Suppose -5*u + 14853 = 8648. What is the highest common divisor of 146 and u?
73
Suppose 4*x = 10 - 22. Let b be 4*x/(-30) - (-511)/35. Calculate the greatest common divisor of 9 and b.
3
Let w(v) = -v**3 + 2*v**2 + 18*v - 8. Let s be w(-4). Suppose s*t - 14*t = 720. What is the highest common divisor of t and 45?
45
Suppose 6*h + 57 = 7*h. Let x = -38 + h. Suppose -x = 4*i - 51. Calculate the highest common divisor of 1 and i.
1
Suppose 0 = -3*q - 1 + 43. Suppose 4*t + s - 6*s = 297, 0 = -5*t + 5*s + 375. Let k = t - 22. Calculate the greatest common factor of q and k.
14
Let v(c) = 4*c + 5. Let a be v(6). Let i(j) = 232*j**2 - 340*j + 340. Let g be i(1). What is the highest common factor of g and a?
29
Let i be (-6)/(-10)*11 + (-3)/5. Let h be -9*2*-4*2/i. Let y = -30 - -90. What is the highest common divisor of y and h?
12
Let u = 5 - -3. Let c = 10 - 2. Calculate the highest common factor of c and u.
8
Let r be (-1 - -186)*8/60*3. Suppose -102 + r = -2*n. What is the greatest common divisor of n and 98?
14
Suppose -5*f + 3*l = 63 - 1463, 0 = 5*l. What is the highest common factor of 20 and f?
20
Let w be (5 + -25 + -5)/(7/(-35)). What is the greatest common divisor of 225 and w?
25
Let d(l) = 8*l**2 + 2*l + 6. Let g be d(-4). Suppose 3*s = k + 60, -4*s + 8*s = -5*k + 42. Calculate the greatest common factor of g and s.
18
Suppose 4*b + 48 = b. Let n = b - -16. Suppose n = -0*i + i - 36. What is the greatest common factor of i and 9?
9
Suppose 7 = n - 45. Let o = n + 3. Calculate the highest common factor of o and 33.
11
Suppose 0 = -4*v + o + 53, v - 13*o = -11*o + 22. Suppose -12 = c + 3*w, 4 = -5*c - 4*w - 1. Calculate the greatest common divisor of c and v.
3
Let y be (-62)/((-1)/(-3) + 0 - 1). Suppose -4*b + y = -47. Calculate the highest common factor of b and 140.
35
Let i(d) = -25*d - 5. Let c be i(-2). Suppose -c = -q + 5. Calculate the highest common divisor of q and 75.
25
Let b = -372 - -2067. What is the greatest common factor of 30 and b?
15
Let y be (1 - (-13 + 7)) + 43. What is the greatest common divisor of y and 325?
25
Let l(z) = 4*z - 10. Let v be l(3). Suppose i + 5*t - 19 = 0, -5*i - 7*t = -v*t - 75. What is the highest common divisor of 2 and i?
2
Let w be (-3 - (0 + 22))*-1. Suppose 5 = 2*g + w. Let m = -6 - g. What is the highest common divisor of 6 and m?
2
Let l be 14 + (-2 - 9/(-3)). Let o = 7 - -158. What is the highest common factor of l and o?
15
Suppose -4*t + 176 = 5*r, 2*r - 4*t - 27 = 49. What is the greatest common divisor of r and 828?
36
Let o = 275 - 54. What is the greatest common factor of o and 17?
17
Let d be 90/(-21)*(-8)/6*7. Calculate the highest common divisor of d and 220.
20
Suppose 0 = -4*j - 79 + 91. Let o be (-65)/j*9/(-6)*2. Calculate the highest common factor of o and 26.
13
Suppose -4*c = -n + 3, -c - n + 3 = 2*c. Let t be 1*(-1 - c) + 330. Suppose -16 = -3*w - w, 0 = 3*b - 4*w - t. What is the greatest common divisor of b and 46?
23
Let y be (75/10)/((-5)/(-40)). Calculate the greatest common divisor of 3 and y.
3
Let i(d) = 3*d**2 + 63*d - 121. Let s be i(2). Suppose 5*z - 255 = -0*z. What is the greatest common divisor of z and s?
17
Let n = -5 - -225. Suppose 8*b - 11*b = -81. Suppose -x - b - 17 = -2*p, 4*p - 3*x - 92 = 0. What is the greatest common factor of p and n?
20
Let b = 2306 + -2279. Suppose -2*v - v + 5*r = 7, -21 = 4*v + 5*r. Let a be (-4)/(-16) + (-35)/v. What is the greatest common divisor of b and a?
9
Suppose 3*l - 40 = 38. Suppose 3*g = -2*n + l, 4*g - 39 + 10 = 3*n. What is the greatest common divisor of 8 and g?
8
Let b = 381 + -360. Calculate the greatest common factor of 175 and b.
7
Let d = 112 + -54. Let s be 138/4 + (15/10)/3. Let w = d - s. What is the highest common factor of 253 and w?
23
Let j be (-6)/10 + (-2314)/(-65). What is the greatest common factor of 700 and j?
35
Let i = 1138 + -788. What is the highest common divisor of 150 and i?
50
Suppose -204 = -4*r + 236. Suppose 88 = 6